16569781?
5
What is the thousands digit of 162758?
2
What is the units digit of 1405688?
8
What is the ten thousands digit of 35115?
3
What is the hundred thousands digit of 31211275?
2
What is the tens digit of 173239?
3
What is the ten thousands digit of 425013?
2
What is the units digit of 2581894?
4
What is the hundred thousands digit of 4704613?
7
What is the thousands digit of 200374?
0
What is the tens digit of 82870?
7
What is the ten thousands digit of 1487243?
8
What is the units digit of 1744681?
1
What is the millions digit of 1445436?
1
What is the ten thousands digit of 476978?
7
What is the hundreds digit of 235015?
0
What is the tens digit of 17350260?
6
What is the units digit of 19126466?
6
What is the hundred thousands digit of 389450?
3
What is the units digit of 1221274?
4
What is the thousands digit of 628281?
8
What is the tens digit of 139482?
8
What is the thousands digit of 7257452?
7
What is the hundreds digit of 929508?
5
What is the tens digit of 629407?
0
What is the hundreds digit of 1065096?
0
What is the tens digit of 206896?
9
What is the tens digit of 256794?
9
What is the millions digit of 1873787?
1
What is the units digit of 1624503?
3
What is the hundreds digit of 15537606?
6
What is the units digit of 6631203?
3
What is the tens digit of 5908791?
9
What is the millions digit of 3576702?
3
What is the hundreds digit of 14718451?
4
What is the units digit of 332757?
7
What is the tens digit of 867168?
6
What is the hundred thousands digit of 28605974?
6
What is the units digit of 93996?
6
What is the thousands digit of 6511686?
1
What is the thousands digit of 6539574?
9
What is the thousands digit of 1129685?
9
What is the tens digit of 303998?
9
What is the thousands digit of 910068?
0
What is the units digit of 198525?
5
What is the thousands digit of 230762?
0
What is the thousands digit of 263115?
3
What is the ten thousands digit of 458567?
5
What is the thousands digit of 753248?
3
What is the units digit of 389339?
9
What is the tens digit of 1990793?
9
What is the millions digit of 16210021?
6
What is the thousands digit of 26839790?
9
What is the tens digit of 1921225?
2
What is the thousands digit of 2056597?
6
What is the hundreds digit of 16031?
0
What is the units digit of 1041334?
4
What is the tens digit of 6622786?
8
What is the thousands digit of 128400?
8
What is the tens digit of 10328635?
3
What is the thousands digit of 3774085?
4
What is the tens digit of 3764122?
2
What is the hundreds digit of 314947?
9
What is the hundreds digit of 91041?
0
What is the tens digit of 3529658?
5
What is the hundred thousands digit of 10405583?
4
What is the millions digit of 2928666?
2
What is the thousands digit of 521628?
1
What is the thousands digit of 6599773?
9
What is the thousands digit of 324643?
4
What is the ten thousands digit of 85055?
8
What is the ten thousands digit of 192008?
9
What is the ten thousands digit of 2056700?
5
What is the tens digit of 250569?
6
What is the hundred thousands digit of 453261?
4
What is the hundred thousands digit of 437135?
4
What is the tens digit of 1098560?
6
What is the thousands digit of 5109092?
9
What is the thousands digit of 5998787?
8
What is the hundreds digit of 9762895?
8
What is the tens digit of 161917?
1
What is the tens digit of 3239984?
8
What is the hundreds digit of 18188?
1
What is the hundred thousands digit of 3158899?
1
What is the units digit of 11454162?
2
What is the ten thousands digit of 3818232?
1
What is the tens digit of 5776766?
6
What is the units digit of 2584738?
8
What is the thousands digit of 374166?
4
What is the thousands digit of 4738568?
8
What is the hundred thousands digit of 18756190?
7
What is the thousands digit of 3014055?
4
What is the ten thousands digit of 74506?
7
What is the thousands digit of 3563779?
3
What is the millions digit of 1957666?
1
What is the tens digit of 8174034?
3
What is the ten thousands digit of 325691?
2
What is the millions digit of 1768709?
1
What is the tens digit of 2490055?
5
What is the hundreds digit of 496936?
9
What is the tens digit of 1623622?
2
What is the hundred thousands digit of 9042550?
0
What is the thousands digit of 254440?
4
What is the tens digit of 1799083?
8
What is the ten thousands digit of 1671486?
7
What is the hundred thousands digit of 3656782?
6
What is the thousands digit of 1553604?
3
What is the hundred thousands digit of 13951045?
9
What is the millions digit of 1154706?
1
What is the tens digit of 1915911?
1
What is the tens digit of 1732069?
6
What is the millions digit of 6486498?
6
What is the tens digit of 3966862?
6
What is the millions digit of 2734596?
2
What is the millions digit of 2061613?
2
What is the thousands digit of 232726?
2
What is the tens digit of 117322?
2
What is the units digit of 14636282?
2
What is the units digit of 1523047?
7
What is the hundreds digit of 1494410?
4
What is the tens digit of 309751?
5
What is the tens digit of 39233113?
1
What is the thousands digit of 730195?
0
What is the hundreds digit of 426412?
4
What is the millions digit of 38504622?
8
What is the tens digit of 30047?
4
What is the hundred thousands digit of 41072625?
0
What is the ten thousands digit of 2529685?
2
What is the units digit of 314136?
6
What is the units digit of 4189190?
0
What is the ten thousands digit of 11332450?
3
What is the hundred thousands digit of 3956352?
9
What is the tens digit of 3521674?
7
What is the tens digit of 346757?
5
What is the hundred thousands digit of 2466498?
4
What is the thousands digit of 1581201?
1
What is the hundred thousands digit of 420353?
4
What is the hundreds digit of 3952918?
9
What is the hundred thousands digit of 332849?
3
What is the tens digit of 500710?
1
What is the hundreds digit of 2808640?
6
What is the ten thousands digit of 753361?
5
What is the units digit of 6571853?
3
What is the hundred thousands digit of 3311384?
3
What is the units digit of 19027?
7
What is the ten thousands digit of 391570?
9
What is the tens digit of 5072260?
6
What is the hundred thousands digit of 146206?
1
What is the units digit of 3336802?
2
What is the hundreds digit of 191834?
8
What is the units digit of 330594?
4
What is the hundred thousands digit of 413565?
4
What is the ten thousands digit of 535142?
3
What is the tens digit of 992548?
4
What is the tens digit of 14979757?
5
What is the hundreds digit of 2554803?
8
What is the hundreds digit of 7296905?
9
What is the ten thousands digit of 941124?
4
What is the millions digit of 35364977?
5
What is the hundreds digit of 4067269?
2
What is the thousands digit of 3867005?
7
What is the units digit of 6376635?
5
What is the ten thousands digit of 41874?
4
What is the ten thousands digit of 631934?
3
What is the hundreds digit of 300818?
8
What is the thousands digit of 10715774?
5
What is the ten thousands digit of 1366313?
6
What is the millions digit of 2979079?
2
What is the hundreds digit of 161936?
9
What is the hundred thousands digit of 7530509?
5
What is the hundred thousands digit of 2364637?
3
What is the thousands digit of 3445541?
5
What is the ten thousands digit of 85966?
8
What is the units digit of 16075874?
4
What is the hundred thousands digit of 2363475?
3
What is the hundreds digit of 267888?
8
What is the units digit of 37657?
7
What is the millions digit of 1885391?
1
What is the ten thousands digit of 30697?
3
What is the thousands digit of 2502002?
2
What is the hundreds digit of 13681015?
0
What is the ten thousands digit of 192229?
9
What is the units digit of 159938?
8
What is the hundreds digit of 499647?
6
What is the ten thousands digit of 7098501?
9
What is the hundred thousands digit of 21644706?
6
What is the thousands digit of 221591?
1
What is the units digit of 10475634?
4
What is the hundreds digit of 5556989?
9
What is the thousands digit of 3186068?
6
What is the thousands digit of 210100?
0
What is the millions digit of 1680813?
1
What is the hundreds digit of 8320988?
9
What is the thousands digit of 107054?
7
What is the thousands digit of 2344101?
4
What is the ten thousands digit of 833259?
3
What is the thousands digit of 22861?
2
What is the ten thousands digit of 14567832?
6
What is the hundre